ase 7) to base 12
1
Convert 14176 (base 11) to base 5.
1121134
What is -29 (base 16) in base 13?
-32
1 (base 5) to base 3
1
Convert -520 (base 6) to base 4.
-3000
Convert -6123 (base 7) to base 14.
-aba
Convert -2535 (base 12) to base 2.
-1000001111001
What is 133221 (base 5) in base 15?
1926
Convert 3bf (base 16) to base 13.
58a
Convert -15c (base 15) to base 8.
-470
Convert 6302 (base 9) to base 12.
280b
What is 28cc (base 16) in base 3?
112022211
2101 (base 3) to base 8
100
What is 166 (base 10) in base 5?
1131
-4822 (base 11) to base 16
-18ac
Convert -1875 (base 9) to base 4.
-112211
What is -12424 (base 5) in base 12?
-6a5
What is 235400 (base 6) in base 8?
50270
What is 4461 (base 9) in base 7?
12415
What is 1e5 (base 15) in base 2?
110111000
Convert -33101 (base 7) to base 16.
-205a
-17640 (base 8) to base 16
-1fa0
What is -632 (base 9) in base 5?
-4030
What is -11110110001110 (base 2) in base 3?
-210121122
What is -134323 (base 5) in base 6?
-41512
What is -9ce (base 16) in base 9?
-3388
What is -2013320 (base 4) in base 2?
-10000111111000
Convert -345 (base 6) to base 7.
-254
Convert -525 (base 6) to base 13.
-122
1001 (base 8) to base 12
369
What is 425 (base 8) in base 6?
1141
-2410a (base 11) to base 14
-c933
What is 115 (base 15) in base 11?
203
4685 (base 9) to base 14
13a7
Convert 10033203 (base 4) to base 15.
5239
What is -1431110 (base 5) in base 14?
-adbd
Convert -1011010110 (base 2) to base 15.
-336
What is 252b (base 15) in base 13?
37ac
-2d36 (base 14) to base 10
-8084
44a6 (base 12) to base 14
2abc
1816a (base 11) to base 4
12032032
3361 (base 8) to base 9
2384
Convert 10716 (base 8) to base 5.
121213
Convert -313263 (base 7) to base 3.
-2202001210
-111111101 (base 2) to base 13
-302
Convert -111011100 (base 2) to base 7.
-1250
Convert -71448 (base 10) to base 5.
-4241243
101012012 (base 3) to base 14
29ca
-43305 (base 8) to base 4
-10123011
Convert 200201000 (base 3) to base 10.
13635
12300 (base 4) to base 14
22c
-492 (base 13) to base 8
-1433
-21501 (base 10) to base 12
-10539
What is -1896 (base 15) in base 8?
-12304
What is -145411 (base 8) in base 7?
-304352
Convert 2263 (base 8) to base 16.
4b3
Convert -133345 (base 6) to base 3.
-122002002
-2204 (base 5) to base 15
-154
Convert -222661 (base 7) to base 13.
-14c4a
What is 602 (base 8) in base 6?
1442
-11315 (base 7) to base 10
-2903
What is -522 (base 10) in base 13?
-312
-1a59 (base 16) to base 9
-10224
Convert 1ad8 (base 16) to base 2.
1101011011000
Convert 12213 (base 5) to base 14.
4a9
Convert -1342 (base 6) to base 11.
-299
Convert 21d6 (base 15) to base 3.
100211210
Convert -11c67 (base 14) to base 4.
-22221103
Convert -4406 (base 12) to base 13.
-3546
Convert 13761 (base 12) to base 16.
6979
What is 2372 (base 12) in base 9?
5405
3230 (base 6) to base 15
343
Convert 153 (base 9) to base 10.
129
Convert 3542 (base 8) to base 13.
b25
Convert -4644 (base 7) to base 4.
-122202
Convert 203232 (base 5) to base 15.
1eb2
400035 (base 6) to base 11
21428
Convert -2eb (base 15) to base 6.
-3035
What is 223031 (base 4) in base 6?
20445
Convert 1101111110 (base 2) to base 7.
2415
34420 (base 10) to base 13
12889
Convert 101111111011110 (base 2) to base 8.
57736
What is -20201110 (base 3) in base 4?
-1030203
Convert 237 (base 8) to base 9.
186
-5329 (base 14) to base 3
-201200022
Convert -11155 (base 6) to base 13.
-94a
What is -10011100 (base 2) in base 7?
-312
Convert 1113 (base 5) to base 10.
158
Convert 122011020 (base 3) to base 15.
3a8c
111223 (base 6) to base 7
36222
15122 (base 10) to base 9
22662
What is -510 (base 8) in base 6?
-1304
Convert 1010 (base 6) to base 12.
166
What is -15047 (base 8) in base 6?
-50555
31202 (base 5) to base 14
a68
Convert 674 (base 16) to base 9.
2235
32455 (base 6) to base 13
2081
What is -41c5 (base 14) in base 13?
-5219
-24c1 (base 14) to base 7
-24531
What is 110101110001 (base 2) in base 9?
4643
-1515 (base 11) to base 9
-2608
What is 6d49 (base 15) in base 9?
34786
Convert 100110001100 (base 2) to base 16.
98c
What is -4964 (base 14) in base 4?
-3020130
1848 (base 12) to base 7
11363
Convert -71e (base 15) to base 11.
-1229
What is 1111000001111111 (base 2) in base 14?
18619
-10e (base 16) to base 7
-534
What is 41a (base 11) in base 3?
200201
-4d6 (base 14) to base 16
-3cc
-1000110100010001 (base 2) to base 7
-210200
What is -11012211 (base 3) in base 16?
-c01
What is 1110001100011 (base 2) in base 3?
100222011
-111232 (base 4) to base 3
-1220111
What is 253b (base 15) in base 4?
1323323
What is -1010100010 (base 2) in base 16?
-2a2
What is 23 (base 15) in base 7?
45
Convert -121303 (base 6) to base 10.
-10695
What is 21075 (base 8) in base 6?
104325
-8d4 (base 16) to base 8
-4324
Convert -1084 (base 14) to base 11.
-2170
What is 65812 (base 9) in base 12?
21332
What is 424 (base 14) in base 10?
816
What is -2b (base 14) in base 5?
-124
-2a55 (base 13) to base 15
-1c54
-33a (base 11) to base 2
-110010110
Convert 3106 (base 8) to base 3.
2012111
105cc (base 14) to base 11
27809
What is 180 (base 13) in base 2?
100010001
What is -10750 (base 8) in base 11?
-3498
-41413 (base 6) to base 10
-5553
-110141 (base 9) to base 6
-1224144
33323 (base 5) to base 14
bd0
-100100100 (base 2) to base 10
-292
What is 1222122021 (base 3) in base 12?
1a767
21001100 (base 3) to base 6
35443
What is 46 (base 12) in base 11?
4a
2010102 (base 3) to base 7
4343
-11010100011 (base 2) to base 11
-1305
-105b9 (base 13) to base 7
-152114
Convert 12001 (base 4) to base 13.
238
What is -4222 (base 9) in base 12?
-1962
Convert -206 (base 16) to base 9.
-635
52c (base 14) to base 8
1774
What is -24290 (base 10) in base 14?
-8bd0
-a3 (base 13) to base 7
-250
Convert -300101 (base 4) to base 5.
-44324
62277 (base 9) to base 16
a060
What is 68b (base 12) in base 10?
971
Convert 9a82 (base 11) to base 15.
3e04
Convert -151351 (base 6) to base 13.
-685c
838 (base 9) to base 4
22223
What is 1210222121 (base 3) in base 6?
433154
What is 2a9a (base 14) in base 16?
1da0
-11100110010 (base 2) to base 10
-1842
What is -19c4 (base 13) in base 2?
-111100100110
Convert 104213 (base 6) to base 11.
6609
Convert -14619 (base 10) to base 5.
-431434
Convert 3220 (base 5) to base 7.
1161
-130 (base 7) to base 5
-240
627a (base 13) to base 5
413441
What is 261e (base 16) in base 13?
4598
-1010100001101 (base 2) to base 8
-12415
1223231 (base 4) to base 8
15355
Convert 1120102 (base 3) to base 5.
14040
What is 4828 (base 9) in base 4?
320012
Convert -167 (base 16) to base 14.
-1b9
65460 (base 9) to base 12
21139
Convert 14 (base 7) to base 14.
b
Convert 2000111122 (base 3) to base 10.
39734
Convert 5287 (base 12) to base 13.
4159
60634 (base 8) to base 11
17857
What is 2188 (base 12) in base 14?
14c8
-10001011 (base 2) to base 6
-351
-60c8 (base 15) to base 5
-1123223
110002111 (base 3) to base 15
292a
What is 210001122 (base 3) in base 13?
6cb0
21012 (base 5) to base 16
566
Convert 313 (base 5) to base 15.
58
What is -12066 (base 10) in base 9?
-17486
-32155 (base 9) to base 11
-14a89
Convert 3410 (base 10) to base 12.
1b82
What is 148 (base 10) in base 2?
10010100
Convert 2 (base 13) to base 7.
2
Convert 112 (base 10) to base 13.
88
-30110 (base 4) to base 10
-788
What is 64b (base 15) in base 12?
9a5
What is 201021011 (base 3) in base 5?
422134
What is -10002010 (base 3) in base 11?
-1760
-32d4 (base 15) to base 9
-15701
Convert 745 (base 10) to base 8.
1351
Convert 3103 (base 4) to base 13.
133
-1100101111011 (base 2) to base 14
-253d
Convert 1100110010 (base 2) to base 11.
684
What is 25512 (base 6) in base 15?
1225
Convert -11102220 (base 3) to base 9.
-4386
What is 27b1 (base 12) in base 4?
1013311
Convert -6123 (base 11) to base 2.
-1111111000100
What is 122120 (base 3) in base 5?
3344
Convert 3202 (base 5) to base 4.
12223
What is 2490 (base 12) in base 16?
102c
120122002 (base 3) to base 5
331041
-101101110000000 (base 2) to base 3
-1012010120
What is 101010000101110 (base 2) in base 12?
1057a
What is 31 (base 9) in base 16?
1c
Convert -10111101100 (base 2) to base 7.
-4264
-19e09 (base 15) to base 13
-2c3ca
Convert -211204 (base 6) to base 10.
-17140
What is 10100011110 (base 2) in base 8?
2436
What is 1485 (base 9) in base 11?
938
What is 709 (base 11) in base 5?